e 16, what is 0 - -b8?
b8
In base 16, what is -1 - 74e?
-74f
In base 9, what is -246 - 8?
-255
In base 12, what is 4 - -38?
40
In base 2, what is 111010000011 + 0?
111010000011
In base 9, what is -31 - 276?
-317
In base 9, what is -875 + -5?
-881
In base 12, what is -4540 + -1?
-4541
In base 4, what is -310 + -10?
-320
In base 12, what is -5 - 1665?
-166a
In base 10, what is 4 + -870?
-866
In base 7, what is 1625 - -4?
1632
In base 12, what is 31a3 - 5?
319a
In base 15, what is 1 + -c?
-b
In base 10, what is 70 + -5?
65
In base 10, what is 3 - 101?
-98
In base 2, what is 100011011000 - 100?
100011010100
In base 9, what is -337 + -4?
-342
In base 7, what is -25 - 3?
-31
In base 7, what is 236 - 60?
146
In base 15, what is 25 - a4?
-7e
In base 9, what is -72 + 0?
-72
In base 12, what is 18 + -3?
15
In base 10, what is -21 - 230?
-251
In base 5, what is -1214 + -10?
-1224
In base 16, what is 3dd + 4?
3e1
In base 6, what is -5422 - -4?
-5414
In base 4, what is -131 + -121?
-312
In base 5, what is -42041 - -3?
-42033
In base 3, what is -12021 + 111?
-11210
In base 6, what is 11 - 1224?
-1213
In base 14, what is -5 + 16?
11
In base 16, what is 83 - -6?
89
In base 5, what is 10 - 1423?
-1413
In base 9, what is -282 + -51?
-343
In base 2, what is -10 + -11010010?
-11010100
In base 10, what is 36146 + 3?
36149
In base 16, what is -a - -7?
-3
In base 2, what is 0 - -101001?
101001
In base 13, what is 1 + 103?
104
In base 13, what is -2b6 - 0?
-2b6
In base 8, what is 2744 + -1?
2743
In base 15, what is 5bb1 + 5?
5bb6
In base 14, what is -52a + -12?
-53c
In base 8, what is 5 + 162?
167
In base 15, what is 13d - 19?
124
In base 5, what is 12 - 0?
12
In base 16, what is 11 - 7?
a
In base 9, what is -7 + 267?
260
In base 15, what is 15 - -d?
23
In base 4, what is -2 - -2232?
2230
In base 2, what is 1110001 + -101?
1101100
In base 13, what is -c + -51?
-60
In base 6, what is 43 - 5?
34
In base 2, what is -11110 + 10010?
-1100
In base 5, what is 3 - 111020?
-111012
In base 8, what is -1 - -172?
171
In base 11, what is -33 - 82?
-105
In base 12, what is -312 + -1?
-313
In base 7, what is 20203 + 2?
20205
In base 10, what is -4 - -2907?
2903
In base 9, what is -275 + 11?
-264
In base 10, what is 2522 - -2?
2524
In base 4, what is 31100 - 13?
31021
In base 5, what is 110 + -20?
40
In base 14, what is 17 + 2?
19
In base 6, what is -421 - -5?
-412
In base 9, what is 1357 + -4?
1353
In base 2, what is 1 + -10011111?
-10011110
In base 11, what is 576 - -5?
580
In base 10, what is 7057 + 5?
7062
In base 7, what is -2 + -605?
-610
In base 4, what is -112 + -1?
-113
In base 2, what is -1 + -1111011110?
-1111011111
In base 11, what is -3 + -48?
-50
In base 9, what is -5 + -2147?
-2153
In base 14, what is -461 + -6?
-467
In base 12, what is 1 - 251?
-250
In base 6, what is 0 + 10414?
10414
In base 3, what is -12 + 22?
10
In base 14, what is -3 - -52?
4d
In base 14, what is -6c83 + 1?
-6c82
In base 5, what is -2 + -31141?
-31143
In base 5, what is -22024 + -3?
-22032
In base 16, what is -c - 14d?
-159
In base 8, what is -177 - -1?
-176
In base 11, what is 21 + -258?
-237
In base 5, what is 12034 - 2?
12032
In base 13, what is 1 - -5b3?
5b4
In base 11, what is -497 - 1?
-498
In base 2, what is 111 - -1010011?
1011010
In base 10, what is 1661 + -3?
1658
In base 7, what is -2 - -112?
110
In base 3, what is -12 + 100110020?
100110001
In base 15, what is 1 + 1d9?
1da
In base 14, what is -8 + -7?
-11
In base 16, what is 1 - 1f1?
-1f0
In base 5, what is -24 - -11?
-13
In base 4, what is -2131 - -23?
-2102
In base 12, what is 3 + 84?
87
In base 7, what is -1 + 266?
265
In base 6, what is 154 + -23?
131
In base 13, what is -3 + -32?
-35
In base 2, what is -10111 + -110110?
-1001101
In base 5, what is -2 + -2004?
-2011
In base 5, what is -3230 - 3?
-3233
In base 4, what is -10 - -11?
1
In base 13, what is 675 - 4?
671
In base 15, what is -4 + 602?
5ed
In base 15, what is 54 - -7?
5b
In base 10, what is -2 + 79?
77
In base 5, what is -32 - 10?
-42
In base 11, what is -228 + -5?
-232
In base 4, what is 102 + -12212?
-12110
In base 2, what is -1110010000 - -100?
-1110001100
In base 2, what is 100010011 + 110?
100011001
In base 11, what is 5 - -47?
51
In base 16, what is 195 + 1?
196
In base 14, what is -8 - 3?
-b
In base 11, what is -7 - -3?
-4
In base 9, what is -5 - -407?
402
In base 3, what is 101021 + 10?
101101
In base 10, what is -4 + 54?
50
In base 9, what is 10 + 4?
14
In base 13, what is 4 + 29?
30
In base 12, what is 3 - 669?
-666
In base 12, what is 0 - -b0b?
b0b
In base 2, what is -100 - -1010?
110
In base 6, what is 23234 - 3?
23231
In base 4, what is -2330 + 11?
-2313
In base 15, what is 0 + -704?
-704
In base 12, what is -6 + -901?
-907
In base 5, what is -1220 - 411?
-2131
In base 14, what is -d4 + -2?
-d6
In base 9, what is 31 - 143?
-112
In base 8, what is -1 - -165?
164
In base 16, what is 25 - 0?
25
In base 15, what is -78 + 8?
-70
In base 15, what is 5 + -19a?
-195
In base 7, what is -32 - 4?
-36
In base 8, what is -5 - 55?
-62
In base 14, what is -a2 + 3?
-9d
In base 4, what is 101122 - 3?
101113
In base 8, what is -15 - 10?
-25
In base 15, what is -c4 + 13?
-b1
In base 11, what is -181 - 1?
-182
In base 6, what is 1251 + 4?
1255
In base 9, what is 63 + 21?
84
In base 16, what is 2 + -33?
-31
In base 15, what is 16 - -7?
1d
In base 13, what is 16b + -3?
168
In base 12, what is -7 + 1a?
13
In base 10, what is 65 - 2?
63
In base 8, what is 2 + -3625?
-3623
In base 10, what is -1 - 27?
-28
In base 6, what is -2 - 13320?
-13322
In base 15, what is 7 + -b6?
-ae
In base 16, what is -74 + -fc?
-170
In base 5, what is 1413 + -4?
1404
In base 12, what is 1468 - -1?
1469
In base 9, what is 0 + -2156?
-2156
In base 12, what is -4 - 248?
-250
In base 16, what is 1 + b4?
b5
In base 14, what is 5 - -4b?
52
In base 3, what is 12 - 1010?
-221
In base 5, what is -13 - -30?
12
In base 16, what is 5 + -a?
-5
In base 2, what is -1 - -111111100?
111111011
In base 9, what is 6 - -33?
40
In base 11, what is 602 + 5?
607
In base 3, what is -2020021 + -10?
-2020101
In base 4, what is 1 - 1101321?
-1101320
In base 2, what is -11001100 - 11?
-11001111
In base 4, what is 312 - 1?
311
In base 14, what is -7 + 8?
1
In base 7, what is -222 + 26?
-163
In base 6, what is 4 - 1125?
-1121
In base 9, what is 455 - 4?
451
In base 6, what is 1023 - 5?
1014
In base 11, what is 56 + 9?
64
In base 5, what is 1030221 - 3?
1030213
In base 13, what is 12b - -2b?
159
In base 14, what is 7 + 1?
8
In base 4, what is 1322 + -1110?
212
In base 3, what is -10100 + 10?
-10020
In base 14, what is 89 + -2?
87
In base 12, what is -158 - 63?
-1bb
In base 14, what is 262 - -2?
264
In base 11, what is 4 - -2?
6
In base 5, what is 10 - -4110?
4120
In base 2, what is -1000 - -10101100?
10100100
In base 2, what is -1101010000 - -10?
-1101001110
In base 16, what is 30 - -4?
34
In base 11, what is 263 - 4?
25a
In base 9, what is -4 - 612?
-616
In base 11, what is -1 - -2a6?
2a5
In base 11, what is 3a2 + 5?
3a7
In base 11, what is -4 + 216?
212
In base 15, what is 82 + 5?
87
In base 10, what is 5 + 605?
610
In base 4, what is 0 - 113021?
-113021
In base 5, what is -10 + -22?
-32
In base 6, what is 25 + -23?
2
In base 16, what is -1d - -2?
-1b
In base 5, what is 33130 - 0?
33130
In base 7, what is 1 + -3625?
-3624
In base 14, what is -5c - -bd?
61
In base 9, what is -1014 + -4?
-1018
In base 7, what is 4 + 113?
120
In base 11, what is 2 - -1a9?
200
In base 16, what is 1 + -22?
-21
In base 8, what is 4 - 4346?
-4342
In base 8, what is 4124 + 1?
4125
In base 13, what is -6 - 8?
-11
In base 6, what is -4 - 101?
-105
In base 4, what is 101 - 230?
-123
In base 15, what is -46 - -2?
-44
In base 3, what is -100212 + -12?
-101001
In base 10, what is -4 + -49?
-53
In base 2, what is -100 - 100011111?
-100100011
In base 15, what is -4 - -30c?
308
In base 7, what is 255 - 13?
242
In base 3, what is -112202 - 0?
-112202
In base 4, what is 2320 - -1130?
10110
In base 12, what is -4 - -265?
261
In base 14, what is 46 + 1?
47
In base 2, what is 0 + 1011101010101?
1011101010101
In base 6, what is 1110 - -2?
1112
In base 8, what is 3 - -143?
146
In base 14, what is 30 + 3?
33
In base 7, what is 23460 + -1?
23456
In base 5, what is 4 - 121